23?
8
What is the units digit of 36093?
3
What is the thousands digit of 6357824?
7
What is the thousands digit of 129822?
9
What is the thousands digit of 190917?
0
What is the hundreds digit of 15753838?
8
What is the millions digit of 7294759?
7
What is the thousands digit of 7446425?
6
What is the tens digit of 3537558?
5
What is the thousands digit of 4354184?
4
What is the ten thousands digit of 61360?
6
What is the thousands digit of 10437524?
7
What is the units digit of 10874039?
9
What is the hundred thousands digit of 1927292?
9
What is the units digit of 4662860?
0
What is the tens digit of 398843?
4
What is the units digit of 441538?
8
What is the tens digit of 811657?
5
What is the hundreds digit of 20304400?
4
What is the tens digit of 2350582?
8
What is the hundreds digit of 12719?
7
What is the millions digit of 11489955?
1
What is the hundreds digit of 2291536?
5
What is the hundreds digit of 478840?
8
What is the units digit of 219840?
0
What is the ten thousands digit of 4767256?
6
What is the hundreds digit of 741746?
7
What is the tens digit of 539811?
1
What is the hundreds digit of 8417041?
0
What is the thousands digit of 280276?
0
What is the tens digit of 734957?
5
What is the ten millions digit of 21938773?
2
What is the ten thousands digit of 1163793?
6
What is the hundred thousands digit of 190905?
1
What is the hundreds digit of 9109901?
9
What is the millions digit of 17531557?
7
What is the tens digit of 226629?
2
What is the tens digit of 69826?
2
What is the units digit of 3941933?
3
What is the units digit of 295971?
1
What is the tens digit of 11329424?
2
What is the hundred thousands digit of 1467324?
4
What is the hundred thousands digit of 4987564?
9
What is the units digit of 405532?
2
What is the ten thousands digit of 10951509?
5
What is the hundred thousands digit of 369128?
3
What is the millions digit of 1125534?
1
What is the millions digit of 3843800?
3
What is the thousands digit of 104945?
4
What is the tens digit of 285014?
1
What is the units digit of 5277421?
1
What is the millions digit of 1078249?
1
What is the units digit of 327361?
1
What is the hundred thousands digit of 1590839?
5
What is the hundred thousands digit of 363126?
3
What is the ten thousands digit of 34094?
3
What is the thousands digit of 296931?
6
What is the tens digit of 474779?
7
What is the thousands digit of 5087707?
7
What is the hundred thousands digit of 15428344?
4
What is the millions digit of 5407946?
5
What is the units digit of 279587?
7
What is the hundreds digit of 2149300?
3
What is the units digit of 418951?
1
What is the ten thousands digit of 128896?
2
What is the ten thousands digit of 617611?
1
What is the units digit of 11731614?
4
What is the thousands digit of 162681?
2
What is the hundreds digit of 11342584?
5
What is the ten thousands digit of 164665?
6
What is the units digit of 12959766?
6
What is the ten thousands digit of 5898373?
9
What is the thousands digit of 6204104?
4
What is the ten thousands digit of 25345188?
4
What is the ten thousands digit of 11596026?
9
What is the thousands digit of 34572?
4
What is the tens digit of 659280?
8
What is the tens digit of 623085?
8
What is the tens digit of 902583?
8
What is the hundred thousands digit of 1104412?
1
What is the hundreds digit of 275836?
8
What is the units digit of 128324?
4
What is the tens digit of 23581027?
2
What is the units digit of 6759214?
4
What is the tens digit of 12779086?
8
What is the units digit of 481335?
5
What is the millions digit of 6253170?
6
What is the hundreds digit of 673437?
4
What is the millions digit of 1868183?
1
What is the hundred thousands digit of 325977?
3
What is the tens digit of 1762506?
0
What is the millions digit of 12061307?
2
What is the tens digit of 97984?
8
What is the hundreds digit of 1916583?
5
What is the tens digit of 7079637?
3
What is the ten thousands digit of 8140403?
4
What is the units digit of 5779664?
4
What is the thousands digit of 638134?
8
What is the tens digit of 2667835?
3
What is the thousands digit of 303462?
3
What is the hundreds digit of 87757?
7
What is the units digit of 1997249?
9
What is the ten thousands digit of 1194070?
9
What is the tens digit of 21530923?
2
What is the tens digit of 11602004?
0
What is the thousands digit of 3077623?
7
What is the ten thousands digit of 7390306?
9
What is the ten thousands digit of 261034?
6
What is the tens digit of 114402?
0
What is the thousands digit of 23536145?
6
What is the hundreds digit of 675543?
5
What is the hundred thousands digit of 10669065?
6
What is the units digit of 8151216?
6
What is the hundreds digit of 7966034?
0
What is the hundred thousands digit of 26788283?
7
What is the thousands digit of 214413?
4
What is the units digit of 63433?
3
What is the units digit of 15453697?
7
What is the tens digit of 28907?
0
What is the units digit of 1005638?
8
What is the units digit of 3823899?
9
What is the tens digit of 6382718?
1
What is the ten thousands digit of 271496?
7
What is the tens digit of 3458728?
2
What is the hundreds digit of 891038?
0
What is the hundred thousands digit of 7084741?
0
What is the ten thousands digit of 8872152?
7
What is the tens digit of 528906?
0
What is the hundred thousands digit of 178848?
1
What is the units digit of 439425?
5
What is the tens digit of 179530?
3
What is the hundreds digit of 301399?
3
What is the units digit of 450882?
2
What is the tens digit of 576281?
8
What is the tens digit of 17069322?
2
What is the thousands digit of 799503?
9
What is the hundred thousands digit of 12064763?
0
What is the millions digit of 1154902?
1
What is the tens digit of 199578?
7
What is the millions digit of 4366908?
4
What is the millions digit of 12837841?
2
What is the millions digit of 1799239?
1
What is the hundreds digit of 825526?
5
What is the ten thousands digit of 4670105?
7
What is the tens digit of 2941795?
9
What is the tens digit of 2139680?
8
What is the ten thousands digit of 242025?
4
What is the millions digit of 9634483?
9
What is the thousands digit of 837714?
7
What is the hundreds digit of 78279?
2
What is the tens digit of 1931975?
7
What is the thousands digit of 1004310?
4
What is the ten thousands digit of 5863569?
6
What is the units digit of 4623353?
3
What is the hundreds digit of 1139615?
6
What is the units digit of 236570?
0
What is the hundreds digit of 335143?
1
What is the hundred thousands digit of 33035186?
0
What is the hundred thousands digit of 3844495?
8
What is the tens digit of 1023253?
5
What is the units digit of 1267060?
0
What is the thousands digit of 241355?
1
What is the hundred thousands digit of 174065?
1
What is the millions digit of 1800731?
1
What is the tens digit of 317259?
5
What is the tens digit of 43423?
2
What is the units digit of 31852722?
2
What is the ten thousands digit of 808581?
0
What is the hundreds digit of 12079745?
7
What is the tens digit of 1660639?
3
What is the hundreds digit of 504926?
9
What is the thousands digit of 1253953?
3
What is the units digit of 357166?
6
What is the tens digit of 11528596?
9
What is the hundreds digit of 28844?
8
What is the hundreds digit of 127160?
1
What is the millions digit of 4706354?
4
What is the tens digit of 1281398?
9
What is the millions digit of 11423484?
1
What is the hundred thousands digit of 360065?
3
What is the hundreds digit of 4033045?
0
What is the hundred thousands digit of 603993?
6
What is the units digit of 37707?
7
What is the units digit of 1904481?
1
What is the tens digit of 76457?
5
What is the hundreds digit of 37127?
1
What is the hundreds digit of 243703?
7
What is the units digit of 15491838?
8
What is the units digit of 1469287?
7
What is the millions digit of 5778696?
5
What is the hundreds digit of 96909?
9
What is the ten thousands digit of 446942?
4
What is the hundred thousands digit of 478691?
4
What is the units digit of 36618590?
0
What is the tens digit of 416538?
3
What is the hundred thousands digit of 23588994?
5
What is the thousands digit of 68144?
8
What is the ten thousands digit of 19615241?
1
What is the ten thousands digit of 193937?
9
What is the thousands digit of 398608?
8
What is the millions digit of 2